{"id":48,"date":"2019-10-31T09:50:58","date_gmt":"2019-10-31T09:50:58","guid":{"rendered":"https:\/\/www.demo.cosmoswp.com\/demo-9\/?page_id=50"},"modified":"2025-03-08T05:46:27","modified_gmt":"2025-03-08T04:46:27","slug":"profil","status":"publish","type":"page","link":"https:\/\/vermessung-offenbach.de\/web\/profil\/","title":{"rendered":"TEAM"},"content":{"rendered":"\n<div id=\"section-gd7374a\" class=\"wp-block-gutentor-e6 section-gd7374a gutentor-element gutentor-element-image\"><div class=\"gutentor-element-image-box\"><div class=\"gutentor-bg-image\"><\/div><\/div><\/div>\n\n\n\n<section id=\"gm1ba5c59\" class=\"wp-block-gutentor-m4 section-gm1ba5c59 gutentor-module gutentor-advanced-columns has-image-bg has-custom-bg\"><div class=\"grid-container\"><div class=\"grid-row\">\n<div id=\"col-gmc64513\" class=\"wp-block-gutentor-m4-col col-gmc64513 gutentor-single-column  grid-lg-12 grid-md-12 grid-12\"><div id=\"section-gmc64513\" class=\"section-gmc64513 gutentor-col-wrap\">\n<div id=\"section-g84fa14\" class=\"wp-block-gutentor-e1 section-g84fa14 gutentor-element gutentor-element-advanced-text\"><div class=\"gutentor-text-wrap\"><h2 class=\"gutentor-text\">Unser Team<\/h2><\/div><\/div>\n\n\n\n<section id=\"section-c77057fb-052e-4f12-9bb4-c6b52bad2cdc\" class=\"wp-block-gutentor-image-box gutentor-section gutentor-image-wrapper imagebox-template1\"><div class=\"grid-container\"><div class=\"grid-row gutentor-grid-item-wrap\"><div class=\"gutentor-grid-column grid-lg-4 grid-md-4 grid-12\"><div class=\"gutentor-single-item gutentor-image gutentor-single-item-0\"><div class=\"gutentor-single-item-wrap\"><div class=\"gutentor-single-item-image-box\"><div class=\"gutentor-image-thumb\"><img loading=\"lazy\" decoding=\"async\" class=\"normal-image\" src=\"https:\/\/vermessung-offenbach.de\/web\/wp-content\/uploads\/2024\/05\/MaFoto-Roesche-M.-2024-05-15_EOS-R5-MR_0011-scaled.jpg\" alt=\"\" height=\"1707\" width=\"2560\" \/><\/div><\/div><div class=\"gutentor-single-item-content\"><h3 class=\"gutentor-single-item-title\">Marco R\u00f6sche<\/h3><p class=\"gutentor-single-item-desc\">Gesch\u00e4ftsf\u00fchrung, \u00d6bVI<\/p><\/div><\/div><\/div><\/div><div class=\"gutentor-grid-column grid-lg-4 grid-md-4 grid-12\"><div class=\"gutentor-single-item gutentor-image gutentor-single-item-1\"><div class=\"gutentor-single-item-wrap\"><div class=\"gutentor-single-item-image-box\"><div class=\"gutentor-image-thumb\"><img loading=\"lazy\" decoding=\"async\" class=\"normal-image\" src=\"https:\/\/vermessung-offenbach.de\/web\/wp-content\/uploads\/2024\/05\/MaFoto-Roesche-A.-2024-05-15_EOS-R5-MR_0010-scaled.jpg\" alt=\"\" height=\"1707\" width=\"2560\" \/><\/div><\/div><div class=\"gutentor-single-item-content\"><h3 class=\"gutentor-single-item-title\">Andrea R\u00f6sche<\/h3><p class=\"gutentor-single-item-desc\">Buchhaltung, Office-Management<\/p><\/div><\/div><\/div><\/div><\/div><\/div><\/section>\n<\/div><\/div>\n<\/div><\/div><\/section>\n\n\n\n<section id=\"gm156fe96\" class=\"wp-block-gutentor-m4 section-gm156fe96 gutentor-module gutentor-advanced-columns\"><div class=\"grid-container\"><div class=\"grid-row\">\n<div id=\"col-gmb5bc3d\" class=\"wp-block-gutentor-m4-col col-gmb5bc3d gutentor-single-column  grid-lg-12 grid-md-12 grid-12\"><div id=\"section-gmb5bc3d\" class=\"section-gmb5bc3d gutentor-col-wrap\">\n<section id=\"section-19d10a23-2f5e-4380-9660-608055760071\" class=\"wp-block-gutentor-image-box gutentor-section gutentor-image-wrapper imagebox-template1\"><div class=\"grid-container\"><div class=\"gutentor-block-header\"><div class=\"gutentor-section-title text-left\"><h2 class=\"gutentor-title\">Im B\u00fcro f\u00fcr Sie da:<\/h2><\/div><\/div><div class=\"grid-row gutentor-grid-item-wrap\"><div class=\"gutentor-grid-column grid-lg-3 grid-md-4 grid-12\"><div class=\"gutentor-single-item gutentor-image gutentor-single-item-0\"><div class=\"gutentor-single-item-wrap\"><div class=\"gutentor-single-item-image-box\"><div class=\"gutentor-image-thumb\"><img loading=\"lazy\" decoding=\"async\" class=\"normal-image\" src=\"https:\/\/vermessung-offenbach.de\/web\/wp-content\/uploads\/2024\/05\/MaFoto-Fischer-A.-2024-05-15_EOS-R5-MR_0004-scaled.jpg\" alt=\"\" height=\"1707\" width=\"2560\" \/><\/div><\/div><div class=\"gutentor-single-item-content\"><h4 class=\"gutentor-single-item-title\">Alexander Fischer<\/h4><\/div><\/div><\/div><\/div><div class=\"gutentor-grid-column grid-lg-3 grid-md-4 grid-12\"><div class=\"gutentor-single-item gutentor-image gutentor-single-item-1\"><div class=\"gutentor-single-item-wrap\"><div class=\"gutentor-single-item-image-box\"><div class=\"gutentor-image-thumb\"><img loading=\"lazy\" decoding=\"async\" class=\"normal-image\" src=\"https:\/\/vermessung-offenbach.de\/web\/wp-content\/uploads\/2024\/05\/MaFoto-Mirmomtaz-B.-2024-05-29_EOS-R5-MR_0007-scaled.jpg\" alt=\"\" height=\"1707\" width=\"2560\" \/><\/div><\/div><div class=\"gutentor-single-item-content\"><h4 class=\"gutentor-single-item-title\">Bahareh Mirmomtaz<\/h4><\/div><\/div><\/div><\/div><div class=\"gutentor-grid-column grid-lg-3 grid-md-4 grid-12\"><div class=\"gutentor-single-item gutentor-image gutentor-single-item-2\"><div class=\"gutentor-single-item-wrap\"><div class=\"gutentor-single-item-image-box\"><div class=\"gutentor-image-thumb\"><img loading=\"lazy\" decoding=\"async\" class=\"normal-image\" src=\"https:\/\/vermessung-offenbach.de\/web\/wp-content\/uploads\/2024\/05\/MaFoto-Novais-J.-2024-05-16_EOS-R5-MR_0008-scaled.jpg\" alt=\"\" height=\"1707\" width=\"2560\" \/><\/div><\/div><div class=\"gutentor-single-item-content\"><h4 class=\"gutentor-single-item-title\">Jose Novais<\/h4><\/div><\/div><\/div><\/div><div class=\"gutentor-grid-column grid-lg-3 grid-md-4 grid-12\"><div class=\"gutentor-single-item gutentor-image gutentor-single-item-3\"><div class=\"gutentor-single-item-wrap\"><div class=\"gutentor-single-item-image-box\"><div class=\"gutentor-image-thumb\"><img loading=\"lazy\" decoding=\"async\" class=\"normal-image\" src=\"https:\/\/vermessung-offenbach.de\/web\/wp-content\/uploads\/2024\/05\/MaFoto-Przywara-M.-2024-05-29_EOS-R5-MR_0009-scaled.jpg\" alt=\"\" height=\"1707\" width=\"2560\" \/><\/div><\/div><div class=\"gutentor-single-item-content\"><h4 class=\"gutentor-single-item-title\">Mariola Przywara<\/h4><\/div><\/div><\/div><\/div><div class=\"gutentor-grid-column grid-lg-3 grid-md-4 grid-12\"><div class=\"gutentor-single-item gutentor-image gutentor-single-item-4\"><div class=\"gutentor-single-item-wrap\"><div class=\"gutentor-single-item-image-box\"><div class=\"gutentor-image-thumb\"><img loading=\"lazy\" decoding=\"async\" class=\"normal-image\" src=\"https:\/\/vermessung-offenbach.de\/web\/wp-content\/uploads\/2024\/05\/MaFoto-Steiner-D.-2024-05-15_EOS-R5-MR_0015-scaled.jpg\" alt=\"\" height=\"1707\" width=\"2560\" \/><\/div><\/div><div class=\"gutentor-single-item-content\"><h4 class=\"gutentor-single-item-title\">Daniel Steiner<\/h4><\/div><\/div><\/div><\/div><\/div><\/div><\/section>\n\n\n\n<section id=\"section-g-8lcvsgy\" class=\"wp-block-gutentor-image-box gutentor-section gutentor-image-wrapper imagebox-template1\"><div class=\"grid-container\"><div class=\"gutentor-block-header\"><div class=\"gutentor-section-title text-left\"><h2 class=\"gutentor-title\">Im B\u00fcro und vor Ort f\u00fcr Sie da:<\/h2><\/div><\/div><div class=\"grid-row gutentor-grid-item-wrap\"><div class=\"gutentor-grid-column grid-lg-3 grid-md-4 grid-12\"><div class=\"gutentor-single-item gutentor-image gutentor-single-item-0\"><div class=\"gutentor-single-item-wrap\"><div class=\"gutentor-single-item-image-box\"><div class=\"gutentor-image-thumb\"><img loading=\"lazy\" decoding=\"async\" class=\"normal-image\" src=\"https:\/\/vermessung-offenbach.de\/web\/wp-content\/uploads\/2024\/10\/MaFoto-Ljuboja-D.-2024-10-31_EOS-R5-MR_0017-scaled.jpg\" alt=\"\" height=\"1707\" width=\"2560\" \/><\/div><\/div><div class=\"gutentor-single-item-content\"><h4 class=\"gutentor-single-item-title\">Dara Ljuboja<\/h4><\/div><\/div><\/div><\/div><div class=\"gutentor-grid-column grid-lg-3 grid-md-4 grid-12\"><div class=\"gutentor-single-item gutentor-image gutentor-single-item-1\"><div class=\"gutentor-single-item-wrap\"><div class=\"gutentor-single-item-image-box\"><div class=\"gutentor-image-thumb\"><img loading=\"lazy\" decoding=\"async\" class=\"normal-image\" src=\"https:\/\/vermessung-offenbach.de\/web\/wp-content\/uploads\/2024\/05\/MaFoto-Maleska-E.-2024-05-15_EOS-R5-MR_0006-scaled.jpg\" alt=\"\" height=\"1707\" width=\"2560\" \/><\/div><\/div><div class=\"gutentor-single-item-content\"><h4 class=\"gutentor-single-item-title\">Erika Maleska<\/h4><\/div><\/div><\/div><\/div><div class=\"gutentor-grid-column grid-lg-3 grid-md-4 grid-12\"><div class=\"gutentor-single-item gutentor-image gutentor-single-item-2\"><div class=\"gutentor-single-item-wrap\"><div class=\"gutentor-single-item-image-box\"><div class=\"gutentor-image-thumb\"><img loading=\"lazy\" decoding=\"async\" class=\"normal-image\" src=\"https:\/\/vermessung-offenbach.de\/web\/wp-content\/uploads\/2024\/05\/MaFoto-Stief-M.-2024-05-27_EOS-R5-MR_0016-scaled.jpg\" alt=\"\" height=\"1707\" width=\"2560\" \/><\/div><\/div><div class=\"gutentor-single-item-content\"><h4 class=\"gutentor-single-item-title\">Michael Stief<\/h4><\/div><\/div><\/div><\/div><\/div><\/div><\/section>\n\n\n\n<section id=\"section-1d4a673d-0261-4b73-839b-3dade06aeb93\" class=\"wp-block-gutentor-image-box gutentor-section gutentor-image-wrapper imagebox-template1\"><div class=\"grid-container\"><div class=\"gutentor-block-header\"><div class=\"gutentor-section-title text-left\"><h2 class=\"gutentor-title\">Vor Ort f\u00fcr Sie da:<\/h2><\/div><\/div><div class=\"grid-row gutentor-grid-item-wrap\"><div class=\"gutentor-grid-column grid-lg-3 grid-md-4 grid-12\"><div class=\"gutentor-single-item gutentor-image gutentor-single-item-0\"><div class=\"gutentor-single-item-wrap\"><div class=\"gutentor-single-item-image-box\"><div class=\"gutentor-image-thumb\"><img loading=\"lazy\" decoding=\"async\" class=\"normal-image\" src=\"https:\/\/vermessung-offenbach.de\/web\/wp-content\/uploads\/2025\/03\/25-03-07_EOS-R5_MR_S-0000-scaled.jpg\" alt=\"\" height=\"1707\" width=\"2560\" \/><\/div><\/div><div class=\"gutentor-single-item-content\"><h4 class=\"gutentor-single-item-title\">Matthias Drefs<\/h4><\/div><\/div><\/div><\/div><div class=\"gutentor-grid-column grid-lg-3 grid-md-4 grid-12\"><div class=\"gutentor-single-item gutentor-image gutentor-single-item-1\"><div class=\"gutentor-single-item-wrap\"><div class=\"gutentor-single-item-image-box\"><div class=\"gutentor-image-thumb\"><img loading=\"lazy\" decoding=\"async\" class=\"normal-image\" src=\"https:\/\/vermessung-offenbach.de\/web\/wp-content\/uploads\/2024\/05\/MaFoto-Hofmann-M.-2024-05-16_EOS-R5-MR_0005-scaled.jpg\" alt=\"\" height=\"1707\" width=\"2560\" \/><\/div><\/div><div class=\"gutentor-single-item-content\"><h4 class=\"gutentor-single-item-title\">Martin Hofmann<\/h4><\/div><\/div><\/div><\/div><div class=\"gutentor-grid-column grid-lg-3 grid-md-4 grid-12\"><div class=\"gutentor-single-item gutentor-image gutentor-single-item-2\"><div class=\"gutentor-single-item-wrap\"><div class=\"gutentor-single-item-image-box\"><div class=\"gutentor-image-thumb\"><img loading=\"lazy\" decoding=\"async\" class=\"normal-image\" src=\"https:\/\/vermessung-offenbach.de\/web\/wp-content\/uploads\/2024\/06\/MaFoto-Simovic-I.-2024-06-10_EOS-R5-MR_0012-scaled.jpg\" alt=\"\" height=\"1707\" width=\"2560\" \/><\/div><\/div><div class=\"gutentor-single-item-content\"><h4 class=\"gutentor-single-item-title\">Ivan Simovic<\/h4><\/div><\/div><\/div><\/div><div class=\"gutentor-grid-column grid-lg-3 grid-md-4 grid-12\"><div class=\"gutentor-single-item gutentor-image gutentor-single-item-3\"><div class=\"gutentor-single-item-wrap\"><div class=\"gutentor-single-item-image-box\"><div class=\"gutentor-image-thumb\"><img loading=\"lazy\" decoding=\"async\" class=\"normal-image\" src=\"https:\/\/vermessung-offenbach.de\/web\/wp-content\/uploads\/2024\/05\/MaFoto-Skvorc-D.-2024-05-16_EOS-R5-MR_0014-scaled.jpg\" alt=\"\" height=\"1707\" width=\"2560\" \/><\/div><\/div><div class=\"gutentor-single-item-content\"><h4 class=\"gutentor-single-item-title\">Damir Skvorc<\/h4><\/div><\/div><\/div><\/div><\/div><\/div><\/section>\n\n\n\n<section id=\"section-8ea7c3b3-5111-427b-9d0f-c38b3dd439b9\" class=\"wp-block-gutentor-image-box gutentor-section gutentor-image-wrapper imagebox-template1\"><div class=\"grid-container\"><div class=\"gutentor-block-header\"><div class=\"gutentor-section-title text-left\"><h2 class=\"gutentor-title\">Sonstige Mitarbeiter<\/h2><\/div><\/div><div class=\"grid-row gutentor-grid-item-wrap\"><div class=\"gutentor-grid-column grid-lg-3 grid-md-4 grid-12\"><div class=\"gutentor-single-item gutentor-image gutentor-single-item-0\"><div class=\"gutentor-single-item-wrap\"><div class=\"gutentor-single-item-image-box\"><div class=\"gutentor-image-thumb\"><img loading=\"lazy\" decoding=\"async\" class=\"normal-image\" src=\"https:\/\/vermessung-offenbach.de\/web\/wp-content\/uploads\/2024\/06\/MaFoto-Bebek-M.-2024-06-21_EOS-R5_MR_S-0001-scaled.jpg\" alt=\"\" height=\"1707\" width=\"2560\" \/><\/div><\/div><div class=\"gutentor-single-item-content\"><h4 class=\"gutentor-single-item-title\">Marija Bebek<\/h4><p class=\"gutentor-single-item-desc\">Reinigungskraft<\/p><\/div><\/div><\/div><\/div><\/div><\/div><\/section>\n<\/div><\/div>\n<\/div><\/div><\/section>\n","protected":false},"excerpt":{"rendered":"","protected":false},"author":1,"featured_media":0,"parent":0,"menu_order":0,"comment_status":"closed","ping_status":"closed","template":"template-gutentor-full-width.php","meta":{"footnotes":""},"class_list":["post-48","page","type-page","status-publish","hentry"],"_links":{"self":[{"href":"https:\/\/vermessung-offenbach.de\/web\/wp-json\/wp\/v2\/pages\/48","targetHints":{"allow":["GET"]}}],"collection":[{"href":"https:\/\/vermessung-offenbach.de\/web\/wp-json\/wp\/v2\/pages"}],"about":[{"href":"https:\/\/vermessung-offenbach.de\/web\/wp-json\/wp\/v2\/types\/page"}],"author":[{"embeddable":true,"href":"https:\/\/vermessung-offenbach.de\/web\/wp-json\/wp\/v2\/users\/1"}],"replies":[{"embeddable":true,"href":"https:\/\/vermessung-offenbach.de\/web\/wp-json\/wp\/v2\/comments?post=48"}],"version-history":[{"count":52,"href":"https:\/\/vermessung-offenbach.de\/web\/wp-json\/wp\/v2\/pages\/48\/revisions"}],"predecessor-version":[{"id":585,"href":"https:\/\/vermessung-offenbach.de\/web\/wp-json\/wp\/v2\/pages\/48\/revisions\/585"}],"wp:attachment":[{"href":"https:\/\/vermessung-offenbach.de\/web\/wp-json\/wp\/v2\/media?parent=48"}],"curies":[{"name":"wp","href":"https:\/\/api.w.org\/{rel}","templated":true}]}}